ed by x?
20
Suppose -484 = -2*w + 6*w. Let a = 126 + w. Suppose -i - u + 46 = 0, -5*i + 195 = 3*u - a*u. Calculate the remainder when 79 is divided by i.
38
Suppose -2*g + 125*f + 2616 = 124*f, -g - 3*f + 1301 = 0. Calculate the remainder when g is divided by 145.
2
Calculate the remainder when 1562844/1360 - 6/15 - (-2)/8 is divided by 225.
24
Let t = 2466 + -2320. Suppose -5 = -3*a + 1, 4*r - 94 = -3*a. Calculate the remainder when t is divided by r.
14
Let d = -4478 - -4628. What is the remainder when d is divided by 89?
61
Let u be (1*8)/(22/605). Suppose p + u = 2*z, 484 + 66 = 5*z + 4*p. Calculate the remainder when z is divided by (-2 - 176/(-99)) + 1012/18.
54
Suppose -1621*k - 67127 = -1640*k. What is the remainder when k is divided by 104?
101
Suppose -4*m - 3*z = -2790, -4*z = -4*m + z + 2806. Calculate the remainder when m is divided by 279.
141
Let g(l) = -11*l + 19. Let d be g(9). Let f = -69 - d. Suppose 25 = 3*v + 1. Calculate the remainder when f is divided by v.
3
Let c(l) = -2*l + 1. Let z = 2657 + -2562. Calculate the remainder when z is divided by c(-3).
4
Let u(m) = -m**3 - 13*m**2 + 20*m + 18. Let k be u(-14). Let q be (-8)/((-24)/(-9)) - k. Suppose w + q = 4*w. Calculate the remainder when w is divided by 12.
9
Suppose 15*a + 2*a = -2516. What is the remainder when 144 is divided by a/(-20) + 2/(-5)?
4
Suppose -3*m = -5*x + 6, m + 2*x + 2 = -0*x. Let o(l) = -42*l**3 + l**2 + l. What is the remainder when 375*(8/(-12))/m is divided by o(-1)?
41
Calculate the remainder when (-141 + 3)*64/(-48) is divided by 2.
0
Let l(p) = -2*p + 6. Let m(t) = -t**3 + 31*t**2 + 32*t + 28. Let o = 138 - 106. Calculate the remainder when m(o) is divided by l(-6).
10
Suppose 4*i - 9 + 33 = 0, -2*i = 5*q - 2493. Calculate the remainder when q is divided by 6.
3
Calculate the remainder when ((-159)/(-4))/(-4 + 791/196) is divided by 187.
178
Let w(x) = -3*x + 15. Let d be w(-1). Suppose -3360 + 210 = -d*t. What is the remainder when t is divided by 15?
10
Calculate the remainder when 2028 is divided by (-2170)/(-15) - ((-9 - -16) + 95/(-15)).
12
Suppose 0 = 14*g - 19 - 9. Suppose 7*b - 544 = 3*b + 5*k, g*k + 8 = 0. Let d = 79 - 45. Calculate the remainder when b is divided by d.
29
Suppose 2*m = 3*m - 62. Suppose -1083 - 501 = -22*f. Suppose 78*u - 198 = f*u. What is the remainder when m is divided by u?
29
Let i(v) = 10*v**3 - 59*v**2 - v - 24. Calculate the remainder when 2032 is divided by i(6).
4
Let h be 16/64 + (-7)/(-4). Calculate the remainder when h/(-16) - 1295/(-56) is divided by 6.
5
Let d be -6*(12 - 14 - (-8)/6). Suppose 4*b - 8*b + 92 = 4*t, 0 = -4*t + d*b + 100. What is the remainder when 94 is divided by t?
22
Let k = -8 + 10. Suppose z - k*z + 13 = 0. Suppose 11*r = -7757 + 9605. What is the remainder when r is divided by z?
12
Suppose 5*s + 48 = 5*i - 7, 0 = 4*i + 4*s - 44. Calculate the remainder when ((-153)/(-4) - -2) + 2*2/(-16) is divided by i.
7
Let a = -10 + 1. Let k be (-21)/(-9) - (0 - (-6)/a). Suppose -5*m + 70 = k*h, -3*h = -h + 4*m - 44. What is the remainder when h is divided by 11?
8
Suppose f = 3*l + 449 + 76, 3*l + 1599 = 3*f. What is the remainder when f is divided by 92?
77
Suppose 5*u + 15 = -2*g, g = -g + 10. Let f be u/2*80/(-100). Suppose -f*a = 2*m - 20, m - 5*a = -a. What is the remainder when 31 is divided by m?
7
Suppose 24*r - 2519 + 551 = 0. What is the remainder when 328 is divided by r?
0
Let q(t) = t**3 - 7*t**2 + t + 2. Calculate the remainder when q(8) is divided by ((-76)/8 - -7)*(-986)/85.
16
Let p be (0 + 4)*17 - (0 - 3). Suppose -4*v + 2*y - 5*y + p = 0, -3*v + y = -37. Suppose v*t = 17*t - 18. What is the remainder when 23 is divided by t?
5
Let a = 919 + -867. What is the remainder when a is divided by (-3)/(-12) + 284/16?
16
Let a(p) = 2*p**2 + 108*p - 7170. Let z(n) = -24*n - 6. Calculate the remainder when z(-7) is divided by a(-93).
78
Calculate the remainder when -11 + -9 + 235 + 1*-1 is divided by 35.
4
Suppose 3*i - 3025 = -f, -4*i + 265 = -4*f - 3763. Suppose -31*h + 7*h + i = 0. What is the remainder when 138 is divided by h?
12
Let a(o) = -o**3 + 27*o**2 - 14*o + 48. Let q be a(26). Suppose -10*v - q = -14*v. Calculate the remainder when v is divided by 12/(-20) + (-68)/(-5).
12
Let s(l) = 217*l - 577. What is the remainder when 78 is divided by s(3)?
4
Let q(l) = l**2 + 13*l + 5. Let a(r) = 10 - 18 + 9. Let j(g) = -2*a(g) + q(g). Calculate the remainder when j(-13) is divided by 2.
1
Let m(z) be the third derivative of 5*z**4/24 + 79*z**3/3 + 56*z**2. Calculate the remainder when m(-14) is divided by 51.
37
Let n(l) = 2*l**3 - 48*l**2 - 159*l - 66. What is the remainder when 238 is divided by n(27)?
13
Let q(g) = -g**3 - 10*g**2 - 22*g - 150. Let i be q(-15). What is the remainder when i/58*32/6 is divided by 39?
3
Let l(s) = s**3 - 2*s**2 + 42. What is the remainder when l(0) is divided by (-5448)/(-216) + 22/(-18) + 1?
17
Suppose 3*l + 393 = 3*t, 9*l - 423 = -3*t + 7*l. Calculate the remainder when 685 is divided by t.
0
Let y(t) = 70*t + 22. Let w be y(5). Suppose -5*d + 25 = 0, 0 = m + 3*d - w - 490. What is the remainder when m is divided by 17?
14
Suppose -8*o - o + 561 = 2*o. What is the remainder when (-29)/(2/(-10)*1) is divided by o?
43
Let u(y) = 11*y - 13. Suppose 2*n - 89 - 13 = -3*j, 0 = 4*j + n - 126. Calculate the remainder when u(9) is divided by j.
26
Suppose 0 = -p + 7 - 1. Suppose -2*d - 2*s = -p*s + 8, -40 = -5*d - 2*s. Let t(o) = o**3 - 3*o**2 + 6*o - 9. What is the remainder when t(d) is divided by 34?
33
Calculate the remainder when 544 is divided by 7/525*5*2055.
133
Let m = -209 - -205. What is the remainder when 125 is divided by 2958/187 - m/22?
13
Let v = -42 + 64. What is the remainder when 64 + ((-10)/(-40) - 5/4) is divided by v?
19
Let a = -1310 - 321. Calculate the remainder when a/(-77) - 4/22 is divided by 7.
0
Let z(b) = -12*b**3 + 5*b**2 + 75*b + 71. Suppose -24 = -4*p - 2*c, 3*p - 4*c + 2*c = 18. What is the remainder when z(-1) is divided by p?
1
Let v = 321 - 608. Let t = v - -290. Calculate the remainder when 6 is divided by t.
0
Suppose -15*n - 1363 = -62*n. Let x(c) = 5*c + 1 + 0*c - 4*c + 2*c**2 + 2*c. Calculate the remainder when n is divided by x(-3).
9
Suppose 18*q - 17*q - 247 = -12*q. Let j be 0 - 2*13/(-1). Suppose -4*u - 5*s = -0*u - q, j = 5*u + 4*s. Calculate the remainder when 9 is divided by u.
3
Let c(t) = -2*t**3 + 13*t**2 - 8*t + 15. Let h be c(6). Suppose 11*l + h*l - 252 = 0. Calculate the remainder when 45 is divided by l.
9
Suppose 18*b + 2034 = 72234. What is the remainder when b is divided by 32?
28
Let p(k) = 13*k**2 - 22*k + 20. Let h(y) = -11*y - 13. Let f be h(-5). Suppose 0 = 2*m - m - f. What is the remainder when m is divided by p(1)?
9
Suppose 25*u + 1 = 24*u. Let g(y) = y**3 + 9*y**2 + 21. What is the remainder when g(-7) is divided by 1/(u + (-16)/(-15))?
14
Let a be 51612/680 + 1/10. Suppose w + 4*c = c + a, 5 = c. What is the remainder when 64 is divided by w?
3
Suppose -4*t = 4*y - 3568, -1647 = -3*t + 3*y + 1017. Suppose -8*b + t - 546 = 0. Calculate the remainder when 83 is divided by b.
40
Suppose -q = -3*d - 123, 3*q - 5*d = 4*q - 131. Suppose 100*l = 98*l - 2. What is the remainder when q is divided by 126/4 + 2/(-4)*l?
30
Suppose v - 4 = 0, -118 = -4*m + v + 250. Suppose -4*s + 0*s = -8. Suppose 0*x - s*x = -32. What is the remainder when m is divided by x?
13
Suppose -1962 = -118*f + 398. What is the remainder when 230 is divided by f?
10
Let c = 6 - 4. Suppose -2*b + o - 4 = 3, -5*o = c*b + 1. What is the remainder when -1 + (70 - (-1 + b)) is divided by 19?
16
Suppose -110*q + 113*q = 108. Suppose -15 = -5*w, -4*x - 8*w = -12*w - q. What is the remainder when 105 is divided by x?
9
Let j(l) = -515*l - 8348. Calculate the remainder when 1184 is divided by j(-17).
370
Let l = -105 - -107. Let y(u) = 8*u**2 - 5*u - 2. Let f be y(l). What is the remainder when 22 is divided by f - (0 + (-1 - -6))?
7
Let v(j) = -40*j - 211. Let z be v(-4). Let p = z + 91. Calculate the remainder when 81 is divided by p.
1
Let s = 235 - 35. Suppose -132*w + s = -122*w. Calculate the remainder when 35 is divided by w.
15
Suppose 136 = -13*h - 46. Let g be h/(-4)*8/7. Suppose 3*z = 1 + 5, g*c - 2*z - 128 = 0. 